, -5*n + 97 = 4*c - 2*c. Suppose -4*s + 288 - c = 0. Calculate the remainder when s is divided by 18.
9
Let j = 19784 + -19159. Calculate the remainder when j is divided by 285.
55
Let p(b) = b**2 - 14*b + 8. Suppose 3*r - 3 - 18 = 0. Let x be p(r). Let h = x - -51. What is the remainder when 19 is divided by h?
9
Suppose -91*k = -679*k + 30576. Let v(u) = u**3 - 3*u**2 - 6*u - 5. What is the remainder when k is divided by v(5)?
7
Let z(l) = 63*l**2 - l. Let m be -8 + -3 + 2 + 0/1. Let g = 43 + m. Calculate the remainder when z(-1) is divided by g.
30
Let t(y) = -65*y - 522. What is the remainder when t(-10) is divided by 76?
52
Suppose -3*g + 0*g - 186 = 0. Let n = 67 + g. Suppose -n*q - 40 = -115. What is the remainder when 87 is divided by q?
12
Let a(l) = -4*l**2 + 102*l - 6. Calculate the remainder when a(5) is divided by 24.
20
Suppose 5*c = 1698 - 178. Suppose -13*t + c = -190. Let d = 336 - 223. Calculate the remainder when d is divided by t.
37
Suppose 2*i = -b + 2, 5*i = -b - 2 + 10. Suppose -289 = -19*w + i*w. What is the remainder when 200 is divided by w?
13
Let f = 30 - 1. Let b(k) = k**3 + 15*k**2 + 4*k - 11. What is the remainder when b(-8) is divided by f?
28
Suppose -2*a = 4*i - 56, 3*a - 4*a + i + 31 = 0. Suppose 0 = -4*d + 227 + 5. Calculate the remainder when d is divided by a.
28
What is the remainder when (22/6)/(3/333) is divided by (12 + -10)/(4/78) + 2?
38
Let d = -251 - -253. Suppose 4*m = d*m + 30. Calculate the remainder when 55 is divided by m.
10
Let x(j) = -j**2 + 26*j - 34. Let d be x(24). Suppose -27 = -5*h - 12, 4*p - 91 = -5*h. Calculate the remainder when p is divided by 3*-4*d/(-28).
1
Let s(z) = -84*z - 1560. Calculate the remainder when s(-37) is divided by 25.
23
Let d(i) = 3*i - 6. Suppose -j - 37 = -y, 3*y - 14*j + 13*j - 105 = 0. What is the remainder when y is divided by d(6)?
10
Suppose -146 = -8*c + 54. Suppose x + 5*o - 71 = 0, -2*o - 3*o = -c. Calculate the remainder when x is divided by 28.
18
Let m(a) = 143*a**2 - 1. Let w be m(-2). Let t = 332 + -328. Suppose 4*p + 2*q = 172 + 280, 5*p + t*q - w = 0. Calculate the remainder when p is divided by 28.
27
What is the remainder when (-29)/(116/(-360))*6/5 is divided by -1 + 31 + 0*(-10)/(-90)?
18
Let r(j) = j**3 - 3*j**2 - 8*j + 7. What is the remainder when 90/12*(-1272)/(-36) is divided by r(6)?
64
Let m(o) = 7*o**3 + 9*o**2 - 67*o + 16. What is the remainder when 682 is divided by m(4)?
2
Let l = -14 - -803. Calculate the remainder when l is divided by 113.
111
Let i = -149 + 137. What is the remainder when (i/1)/(12/(-16)) is divided by 0 - (-7 - (-1 + 0))?
4
Let z = 251 + -155. Let n = -337787 + 337828. What is the remainder when z is divided by n?
14
Suppose 0*h + 7*h = h. Suppose -4*x - 103 = -3*j, 0 = -3*x + 4*j - h*j - 79. Let u = 40 + x. Calculate the remainder when 28 is divided by u.
13
Let d(p) = 15*p - 3. Let s be d(2). Suppose -5*y + s + 48 = 0. Let k(x) = x**3 - 2*x**2 + 9*x - 12. Calculate the remainder when y is divided by k(2).
3
Let o = -21 + -296. Let k = 346 + o. Calculate the remainder when k is divided by 5.
4
Suppose 71*g - 155 - 1052 = 0. Calculate the remainder when 1937 is divided by g.
16
Let l(r) = 2*r**3 - 39*r**2 + 24*r - 75. Let a(t) = -t**2 + 2*t + 53. What is the remainder when a(0) is divided by l(19)?
13
Let m(y) = 10*y**2 - 947*y - 241. Calculate the remainder when m(95) is divided by 25.
19
Let c(i) = i**2 - i - 4. Let a be c(3). Suppose a*u - 14 = -0*u. Suppose -1110*d + 65768 - 12488 = 0. Calculate the remainder when d is divided by u.
6
Let k(j) = 137*j**2 + 404*j + 4. What is the remainder when 1648 is divided by k(-3)?
23
Suppose -897 = -192*o + 4287. What is the remainder when o is divided by 7?
6
Let p be 1/2 + 171/18. Let h be (273/39)/(2/10). Suppose p*w + 15 = h. Calculate the remainder when w is divided by 1.
0
Suppose -2*g - 5*q = -1054, -168*g + 172*g - 2038 = -3*q. Let t = -19 - -40. Calculate the remainder when g is divided by t.
19
Let x(b) = 83*b**2 - 2*b + 3. Let o(l) = -333*l**2 + 9*l - 14. Let i(q) = 2*o(q) + 9*x(q). Calculate the remainder when i(-2) is divided by 36.
35
Suppose 2*h - 4*k - 18 = 0, 6*k - 45 = -5*h + 4*k. Suppose -99 = -h*i + 18. Calculate the remainder when 19 is divided by i.
6
Let d(m) be the third derivative of m**6/120 + 23*m**5/60 - 23*m**4/24 + 17*m**3/2 - 21*m**2 - 3. What is the remainder when 80 is divided by d(-24)?
26
Suppose 17 + 516 = 13*w. Suppose -201 = -7*t - 26. What is the remainder when w is divided by t?
16
Let m = 18 + -2. Let d be -3 + (-33)/(-15) + (-141776)/(-20). What is the remainder when (8 - d/(-104)) + (-4)/26 is divided by m?
12
Let r(m) = -m**2 + 24*m - 47. Let o = 58 + -44. Let v = o + 7. Calculate the remainder when 62 is divided by r(v).
14
Let r(b) = -2*b**2 + 163*b + 1460. Calculate the remainder when r(88) is divided by 107.
102
Suppose 2*o + 4*l = 56, -3*o - 3*l + 89 + 7 = 0. Suppose 487*h = -447 + 2050 + 3267. What is the remainder when o is divided by h?
6
Let m(q) = -q**2 - 16*q + 18. Let c be m(-9). Let b = -50 + c. Calculate the remainder when 153 is divided by b.
29
Suppose 0 = -200*x + 1568 - 168. Calculate the remainder when 4749 is divided by x.
3
Let a(x) = -18 - 21*x**2 - 39*x + 1 + 10 - x**3. Calculate the remainder when 142 is divided by a(-19).
10
Let q(y) be the third derivative of y**5/60 + 7*y**4/24 + 6*y**3 - 88*y**2. What is the remainder when q(0) is divided by 8?
4
Let r(n) = 34*n - 58. Let z(c) = -11*c - 438. Let y be z(-40). Calculate the remainder when 55 is divided by r(y).
5
Let g(d) = d**3 - 6*d**2 + 11*d - 10. Let t be g(4). Let j be 6/(-12) + t + (-102)/4. Calculate the remainder when 117*(j/(-9) - 2) is divided by 14.
8
Let v be (-4 - -1)/((-63)/336). Let o(m) = 14*m - 36. What is the remainder when o(v) is divided by 24?
20
Suppose 39*l + 31*l = -27*l + 160050. What is the remainder when l is divided by 12?
6
Suppose -262*g + 339389 = 57215. What is the remainder when g is divided by 212?
17
Let v be (-2 + (-1 - -2))*-33. Let h = v - 12. Suppose 4045*c - 4065*c = -160. What is the remainder when h is divided by c?
5
Let c = 32 + -16. Let o(m) = 13*m + 126. Let u(v) = -v**3 - 6*v**2 - 9*v - 7. Let k be u(-2). Calculate the remainder when o(k) is divided by c.
13
Calculate the remainder when 87 is divided by 2*(-2 - (-30)/(-10)) + 96.
1
Let p = 298 - 213. What is the remainder when 325 is divided by p?
70
Let u = 48 + -47. Suppose b + 4*g - 21 = -0*b, -4*b + 5*g = -63. What is the remainder when -7*u/(3/(-21)) is divided by b?
15
Calculate the remainder when 111 is divided by ((-3)/(-8))/(501/134936).
10
Let g(p) be the first derivative of 17*p**3/3 + 5*p**2/2 - 8*p - 72. Calculate the remainder when g(3) is divided by 17.
7
Let m(k) = 15*k**2 + 661*k + 1327. Suppose -5*g = -2*i + 6*i - 413, 167 = 2*g + i. Calculate the remainder when g is divided by m(-42).
10
Calculate the remainder when (4053/15 - -3)/(10/75) is divided by 10.
9
Let o = -321 + 325. What is the remainder when 17 is divided by ((78/(-9))/13)/(o/(-66))?
6
Let h(v) = -22*v - 24. Let i be h(10). Let n = 249 + i. Calculate the remainder when 8 is divided by n.
3
Suppose 7*a - 16*a + 99 = 0. Let j(r) = -2*r**2 + 1. Let x be j(-2). Let z = x + a. Calculate the remainder when 18 is divided by z.
2
Let s(r) = 2*r**2 + 211*r + 1531. Calculate the remainder when s(-7) is divided by 76.
0
Suppose 21988 = q - i, -22868 + 66860 = 2*q - 4*i. What is the remainder when q is divided by 29?
27
Let z = -1450 + 4033. Calculate the remainder when (-6)/(-51) - z/(-153) is divided by 1 - -1 - (-8 + 0).
7
Suppose 117*o = -45*o + 130248. What is the remainder when o is divided by 15?
9
What is the remainder when (165082/(-177))/(10/(-45)) is divided by 100?
97
Let v(h) = 2*h**3 + 91*h**2 - 47*h - 30. What is the remainder when 441 is divided by v(-46)?
9
Let d(v) = -134*v - 4686. Let c(n) = n**3 + 6*n**2 + 2*n - 7. What is the remainder when c(-5) is divided by d(-35)?
0
Suppose 0 = 34*l - 7357 - 871. What is the remainder when l is divided by 117?
8
Suppose 4281*f = 4286*f - 115. Calculate the remainder when 224 is divided by f.
17
Let d = -319 + 519. Let s(y) = 4*y**2 + 162*y + 761. Calculate the remainder when d is divided by s(-5).
47
Let d(w) = -9*w - 